 7*o + 24. Determine w(-9).
-39
Let j(c) = 5*c**2 + 5*c + 5. What is j(-3)?
35
Let f(k) = k**3 + 12*k**2 - 29*k - 27. Determine f(-14).
-13
Let x(w) = -w**3 - 7*w**2 - 10*w - 17. Determine x(-5).
-17
Let u(x) = x**2 - 11*x + 8. Calculate u(8).
-16
Let z(k) = k**3 - 3*k**2 + 12*k - 30. What is z(3)?
6
Let w(h) = h**3 - 16*h**2 + 49*h - 11. What is w(4)?
-7
Let i(f) = -3*f - 18. Give i(-7).
3
Let n(j) = j**3 + 10. Give n(0).
10
Let h(y) = -y**3 - 14*y**2 - 15*y - 22. What is h(-13)?
4
Let i(z) = z - 16. Determine i(10).
-6
Let g(o) = o**3 + 7*o**2 - o + 7. What is g(-7)?
14
Let f(z) = -z**3 - 16*z**2 - 3*z + 16. Calculate f(-16).
64
Let v(x) = 3*x**2 - 77*x + 35. Calculate v(26).
61
Let r(l) = l**3 - 4*l**2 + 22*l - 35. What is r(2)?
1
Let f(p) = -p**2 - 14*p + 70. Calculate f(4).
-2
Let g(y) = -y**3 - 7*y**2 + 32*y + 22. Determine g(-10).
2
Let n(h) = -h**3 + 21*h**2 + 46*h - 3. Calculate n(23).
-3
Let f(d) = -d**3 - 20*d**2 + 23*d - 30. Give f(-21).
-72
Let h(k) = -k**2 - 20*k - 32. Give h(-14).
52
Let p(g) = g**2 + 23*g + 21. What is p(-22)?
-1
Let q(i) = i**2 + 14*i - 3. Determine q(-14).
-3
Let o(a) = 18*a - 132. Give o(11).
66
Let v(h) = h**3 + h**2 - 3*h - 4. Determine v(3).
23
Let i(a) = -12*a**2 + 8*a + 2. Give i(-1).
-18
Let o(y) = y**2 - 3*y - 3. Calculate o(-2).
7
Let z(s) = -s**2 - 30*s + 97. What is z(-33)?
-2
Let d(g) = -g**2 - 17*g - 38. What is d(-12)?
22
Let l(g) = -g**2 + 8*g - 17. Give l(9).
-26
Let r(z) = -4*z**2 + 54*z - 26. What is r(13)?
0
Let p(j) = j**2 + 11*j + 1. Give p(-12).
13
Let b(f) = -16*f - 22. Give b(-2).
10
Let c(x) = -3*x**3 - 2*x**2 + x + 2. Give c(-2).
16
Let d(m) = 25*m**3 - m**2 + m - 1. Give d(1).
24
Let m(t) = -413*t - 1652. What is m(-4)?
0
Let h(k) = k**3 - 3*k**2 + 16. Calculate h(3).
16
Let x(q) = q**2 - q - 96. Calculate x(-9).
-6
Let j(c) = -c - 26. Calculate j(-6).
-20
Let w(q) = 4*q + 11. What is w(4)?
27
Let a(v) = 27*v - 2. Calculate a(0).
-2
Let z(m) = -m**2 + 13*m - 8. Calculate z(12).
4
Let n(v) = -v**3 + v + 11. What is n(0)?
11
Let b(o) = 13*o**2 - o. What is b(1)?
12
Let f(u) = 15*u + 5. Calculate f(-1).
-10
Let d(k) = -5*k - 24. Determine d(-8).
16
Let t(w) = w**3 + 7*w**2 + w + 4. Give t(-7).
-3
Let k(h) = -h**3 - 12*h**2 + 12*h - 6. Calculate k(-13).
7
Let r(o) = o**3 + 7*o**2 - 3*o - 21. Calculate r(-7).
0
Let v(w) = -w**3 + 10*w**2 + w - 21. What is v(10)?
-11
Let g(o) = -o**3 + 5*o**2 - 3*o + 8. Calculate g(6).
-46
Let v(x) = x**2 - 11*x + 4. What is v(5)?
-26
Let q(c) = -c**3 + 25*c**2 - 24*c - 4. Determine q(24).
-4
Let u(f) = -2*f - 7. What is u(-1)?
-5
Let u(v) = v**3 - 3*v**2 - v + 6. Determine u(2).
0
Let w(s) = 3*s - 36. Determine w(7).
-15
Let s(t) = -47*t - 286. Calculate s(-6).
-4
Let g(k) = k**2 + 8*k + 12. Calculate g(-5).
-3
Let r(b) = 2*b - 21. Calculate r(7).
-7
Let l(a) = -46*a**3 - 2*a**2 + a. Calculate l(1).
-47
Let k(q) = -q + 1. Determine k(7).
-6
Let y(f) = 11*f + 76. Calculate y(-9).
-23
Let h(b) = -5*b**2 + 13*b - 13. Give h(0).
-13
Let r(z) = z**2 + 5*z - 29. Calculate r(4).
7
Let b(q) = -12*q - 197. Give b(-18).
19
Let k(t) = t**3 + 12*t**2 - 14*t - 23. What is k(-13)?
-10
Let u(f) = 2*f**2 - 41*f + 190. Determine u(7).
1
Let x(o) = 3*o - 13. What is x(10)?
17
Let n(g) = 3*g + 66. Determine n(-23).
-3
Let b(l) = -l**3 - 4*l**2 + 6*l. What is b(-5)?
-5
Let j(w) = 2*w**3 - w**2 - 2*w. Determine j(3).
39
Let l(y) = 4*y**2 - 15*y + 2. Give l(3).
-7
Let s(b) = b + 3. Give s(0).
3
Let j(w) = -w - 25. Calculate j(-12).
-13
Let r(k) = k**2 - 12*k + 29. Determine r(4).
-3
Let f(a) = a**2 - 21*a - 6. What is f(5)?
-86
Let f(u) = 2*u**3 - 38*u**2 - 41*u + 26. Give f(20).
6
Let h(r) = -3*r**2 + 4*r - 2. Calculate h(1).
-1
Let q(m) = -9*m + 26. Calculate q(5).
-19
Let t(x) = x**3 - 2*x**2 + x + 8. Give t(0).
8
Let j(x) = -2*x**2 - 10*x + 56. What is j(-9)?
-16
Let s(m) = m**3 - 16*m**2 + 15*m + 7. What is s(15)?
7
Let o(u) = u**3 - 12*u**2 + 11*u - 11. What is o(11)?
-11
Let o(q) = 19*q - 80. Determine o(4).
-4
Let d(s) = s**2 - s - 2. What is d(2)?
0
Let i(n) = -19*n**2 + 19*n. What is i(1)?
0
Let b(n) = 3*n**2 - 3*n + 1. Determine b(3).
19
Let w(p) = -4*p**2 + 3*p + 2. Give w(3).
-25
Let t(g) = -g**3 - 66*g**2 + 1. Give t(-66).
1
Let v(g) = -g**3 - 5*g**2 + 24*g + 2. Determine v(-8).
2
Let t(y) = -26*y**2 - y + 1. What is t(1)?
-26
Let a(g) = g**2 + 16*g + 31. Give a(-14).
3
Let w(c) = c**2 + 13*c + 14. Calculate w(-12).
2
Let x(i) = 5*i + 22. Determine x(-9).
-23
Let o(p) = -p - 35. What is o(0)?
-35
Let n(m) = -53*m - 364. Calculate n(-7).
7
Let r(d) = 3*d - 10. Calculate r(-14).
-52
Let p(q) = q**3 - 4*q**2 - 5*q - 7. Give p(5).
-7
Let l(g) = g**2 - 25*g - 32. Calculate l(26).
-6
Let v(s) = -s**2 + 15*s + 15. Determine v(12).
51
Let r(u) = -u**3 - 3*u**2 - 3*u - 4. Calculate r(-3).
5
Let b(m) = -m + 1. Give b(6).
-5
Let v(q) = q**3 + 6*q**2 - 3*q - 9. Give v(-6).
9
Let y(r) = -2*r - 28. What is y(-24)?
20
Let d(w) = -3*w**2 - 46*w + 78. Calculate d(-17).
-7
Let d(j) = -j**2 - 25*j - 34. Determine d(-27).
-88
Let q(y) = y**2 - 4*y + 4. Calculate q(5).
9
Let x(r) = -6*r**2 + r + 2. What is x(4)?
-90
Let j(d) = -6*d**2 - 32*d - 35. Give j(-3).
7
Let t(h) = -6*h - 3. Calculate t(-2).
9
Let c(b) = 21*b + 97. Calculate c(-5).
-8
Let h(m) = 3*m + 11. Give h(-8).
-13
Let o(a) = -5*a**3 + 4*a - 3. Calculate o(2).
-35
Let o(z) = 2*z**3 + 53*z**2 + 23*z - 77. Give o(-26).
1
Let g(o) = 6*o**2 + 2*o - 2. Calculate g(1).
6
Let c(z) = 19*z. Give c(-1).
-19
Let j(h) = 7*h**2 - 10*h + 9. What is j(1)?
6
Let o(b) = -3*b**2 + 129*b - 9. What is o(43)?
-9
Let k(u) = -u**3 - 11*u**2 - 1. Give k(-11).
-1
Let p(m) = m**2 - 12*m - 27. What is p(15)?
18
Let t(a) = -a**2 + 11*a - 19. Calculate t(8).
5
Let m(c) = -11*c - 74. Calculate m(-4).
-30
Let a(s) = -9*s**2 - 4*s + 5. Give a(2).
-39
Let p(n) = -n**3 + 9*n**2 + 20*n - 6. Calculate p(11).
-28
Let c(y) = 2*y**3 - 2*y**2 - 2. Determine c(2).
6
Let f(w) = -w + 16. Calculate f(5).
11
Let d(w) = 2*w**2 + 114*w - 125. Calculate d(-58).
-9
Let h(j) = j**3 + 6*j**2 + 8. Give h(-6).
8
Let t(p) = -p**3 + 11*p**2 - 11*p + 16. Determine t(10).
6
Let y(b) = b**3 - b**2 + 3*b - 3. Give y(1).
0
Let q(w) = -15*w + 21. Give q(-5).
96
Let r(k) = 6*k**2 - 12*k + 1. Give r(5).
91
Let f(a) = -54*a**3 + 3*a - 4. Give f(1).
-55
Let s(r) = -r**3 - 9*r**2 - 5*r - 10. Determine s(-8).
-34
Let o(t) = t**2 - t + 1. Calculate o(-3).
13
Let u(b) = -3*b - 24. Determine u(-10).
6
Let o(a) = 9*a**2 - 6*a + 3. Calculate o(1).
6
Let l(v) = -2*v + 2. What is l(-10)?
22
Let t(h) = -h**2 - 52*h - 555. Determine t(-37).
0
Let l(m) = m**3 + 16*m**2 - 18*m - 14. What is l(-17)?
3
Let l(k) = -2*k**3 - 6*k**2 + 2*k + 4. Determine l(-3).
-2
Let r(p) = -39*p - 307. Determine r(-8).
5
Let w(n) = n**2 + 7*n - 14. What is w(-8)?
-6
Let g(l) = -65*l**3 + 1. Calculate g(1).
-64
Let l(z) = -2*z**2 + 4*z - 5. Calculate l(0).
-5
Let d(n) = -n**3 + 39*n - 71. Give d(5).
-1
Let n(g) = -g - 1. Determine n(6).
-7
Let t(d) = -8*d**2 + 52*d - 14. Determine t(6).
10
Let n(q) = q**3 - 44*q**2 + 48*q - 248. What is n(43)?
-33
Let p(r) = -78*r - 699. What is p(-9)?
3
Let f(k) = 2*k**3 + 35*k**2 + 17*k + 11. Calculate f(-17).
11
Let q(u) = 15*u - 1. Determine q(3).
44
Let v(q) = -q - 15. Give v(-14).
-1
Let q(g) = -g**3 + 2*g**2 - 6*g + 45. Determine q(4).
-11
Let b(s) = 5*s**3 - 2*s**2 - 2*s + 4. Calculate b(3).
115
Let y(h) = h**2 + 14*h - 25. Determine y(-16).
7
Let g(q) = -4*q + 6. What is g(-6)?
30
Let d(o) = o**2 - 14*o - 119. Give d(20).
1
Let n(i) = i**3 - 11*i**2 + 16*i + 1. Give n(10).
61
Let u(d) = -3*d + 3. Give u(-5).
18
Let o(x) = 19*x - 221. Give o(10).
-31
Let v(h) = -7*h + 1. Give v(6).
-41
Let g(f) = 53*f**2 - 2. Calculate g(1).
51
Let j(k) = k**3 - 20*k**2 - 25*k + 61. Determine j(21).
-23
Let c(y) = -3*y**2 + 8*y + 5. Give c(4).
-11
Let r(d) = -5*d**2 - 234*d + 41. Give r(-47).
-6
Let o(g) = -54*g + 10. Calculate o(-1).
64
Let t(i) = -2*i**2 - 51*i + 29. Give t(-26).
3
Let y(g) = -4*g**2 - g + 2. What is y(1)?
-3
Let m(u) = 31*u - 140. Give m(5).
15
Let p(w) = w**3 - 3*w**2 - w - 2. Give p(2).
-8
Let y(w) = w + 2. Determine y(-10).
-8
Let r(m) = m - 6. Calculate r(2).
-4
Let s(r) = r**2 + 24*r - 47. Determine s(-25).
-22
Let f(r) = -r**3 + 3*r**2 + 5*r - 8. Calculate f(1).
